 + 3. Let u be k(3). Suppose -y + u = y. Let b = -436 + y. Is b prime?
False
Suppose 3*k = 5*k - 36. Suppose -23*m + 4150 = -k*m. Suppose -5*u + m = -3*u. Is u a composite number?
True
Let q(m) = 2 - 5*m**2 - 5*m**3 + 0 + 6*m**3 + m**3. Let t(f) = -f**3 + 6*f**2 - 4*f + 2. Let p be t(5). Is q(p) composite?
False
Let q(n) = n**3 - n**2 - 3*n + 15727. Let i = -327 - -327. Is q(i) composite?
False
Suppose -3*p + 301732 = 5*m, 171019 = 2*p - 2*m - 30141. Is p a composite number?
True
Is ((-33)/22)/((-90)/(-36)) - (-234598)/5 prime?
True
Suppose 0 = -2*a - 8*g + 9*g - 5, -5 = 5*a - g. Suppose -5*p + 0*p + 53435 = a. Is p prime?
True
Suppose 27573 = 2*m + 5*m. Let q = 12995 - m. Suppose -6*t - q = -4*z - 2*t, -5*t = 3*z - 6816. Is z prime?
True
Suppose 0 = -0*h - h + 3489. Suppose f + y + 1 = 0, y - 5 = -5*f + 6*y. Suppose -3*p + f*p = -h. Is p a prime number?
True
Let o = -60 - -167. Suppose -o = -u + 692. Suppose u + 599 = 3*i. Is i a composite number?
True
Suppose 22*w = -80 + 36. Is (-5 - -4)/(w/11422) a prime number?
True
Suppose 28*g - 188350 + 48490 = 0. Let x = g + -2416. Is x composite?
False
Suppose -16 + 64 = 8*t. Suppose 0 = -t*r + 10*r - 40. Is -4*(8076/40)/((-12)/r) a prime number?
True
Let c(h) = 21 - 64 + 48 + 13*h + 17 + h**2. Let d be c(-11). Suppose -3*q - q + 4 = d, -2*q = -3*k + 631. Is k composite?
False
Let d be (0 + 40492)/(2 - 0). Suppose 3*g - d = g. Is g prime?
False
Suppose j - 16*j = -285. Suppose -3*d + 7*d - j = -i, d = 4*i + 9. Suppose -2*h = d*w - 0*w - 4265, -3412 = -4*w - 5*h. Is w a prime number?
True
Suppose n - 2*n = 4*g - 22177, -2*g - 6 = 0. Is n prime?
True
Suppose 3*f = 5*l + 40, -8*l + 30 = 5*f - 9*l. Let b(a) = 143*a**2 - 9*a + 65. Is b(f) prime?
False
Suppose -c = -4*h + 781 - 7757, -13959 = -2*c + h. Suppose -6105 - c = -5*v. Is v a composite number?
False
Let x be ((-14)/28)/((-2)/88). Let j = x - -25. Is 141/j + 4*86*1 prime?
True
Suppose -3*c + 1 + 14 = 0. Suppose -c*s + s = 0. Suppose -3*t + 0*t + 957 = s. Is t a composite number?
True
Let c(n) = 10*n - 2. Let q(s) = -s - 5. Let j be q(-6). Let f be c(j). Suppose f*h + 879 = 11*h. Is h a prime number?
True
Let f(q) = -q**2 - 27*q + 59. Let w be f(-29). Suppose 0 = m + 2 - w, 5*m - 5722 = -3*p. Is p composite?
True
Suppose 2*r - 3*r - 168749 = -3*b, 56241 = b + 4*r. Is b prime?
True
Let p(s) = 2140*s - 6247. Is p(27) composite?
True
Let l = 13784 + -1639. Suppose -2*f + l = 3*f. Is f prime?
False
Suppose 4*y - y = -2*u - 1487, -2*u + 2*y - 1462 = 0. Let w = -1862 - u. Is ((-5)/((-10)/(-4)))/(4/w) composite?
False
Let b(g) = -2*g**3 + g**2 - 208. Suppose 0*r = 3*r. Let j be b(r). Let p = j - -367. Is p composite?
True
Let c(r) = -18*r**3 + 7*r**2 + r - 10. Let u(w) = 9*w**3 - 4*w**2 + 5. Let g(d) = 4*c(d) + 7*u(d). Is g(-3) composite?
True
Let o be (92/(-8) + (-3)/2)/(1*-1). Let n(w) = 6*w + 5*w - 37 + 0*w. Is n(o) prime?
False
Let i(f) = 4 - 57 + 384*f + 28 - 43 - 117. Is i(24) a prime number?
False
Is (1283426/(-6))/(368/(-1104)) composite?
False
Suppose 2*c + 5*f = 1688, -2*f - 1317 = -3*c + 1215. Let x = c - 359. Is x a composite number?
True
Suppose 341 = 4*g + 125. Let l = 145 - g. Is l composite?
True
Let l = 130 - 131. Let b be (-351)/(-108) + (2/8)/l. Suppose 2*m + h = -b*m + 8190, 6568 = 4*m + 4*h. Is m composite?
False
Suppose -15*o - 3*o + 504 = 0. Is ((-65577)/6)/((-14)/o) composite?
False
Suppose 15*y - 683378 = -217613. Is y a prime number?
True
Suppose -3*b + 0*b + f - 10 = 0, -5*b - 3*f = 40. Let i be (-1087)/(b/90*3). Let r = i + -1925. Is r prime?
True
Suppose 3*r + 0 = -5*d + 21, 3*d - 19 = -5*r. Suppose 0*i + b = r*i - 7223, -i - b + 3616 = 0. Is i prime?
True
Is 31977/(-1938)*(-2 + (-17117)/3 - 1) a composite number?
True
Suppose -6 + 16 = 2*x, 0 = -n + 5*x - 25. Is ((n - 12762/(-12)) + 1)*2 prime?
True
Suppose -k - 5 = 0, 3*k - 5 = -5*c + 4*k. Suppose 0 = -2*q - 3*n - 14860, -q - n - 9001 + 1571 = c. Let a = -4089 - q. Is a composite?
True
Let n be (1 - (-12)/(-4))/(4/(-6)). Is -2579*(6 - n)/(-3) prime?
True
Suppose 3*b - 47 = -f, -29 + 115 = 2*f - 2*b. Suppose -29*y - 170115 = -f*y. Is y a prime number?
False
Let u = -3081 - -5214. Let m = -728 + u. Is m a composite number?
True
Let p(q) = -2646*q + 2731. Is p(-26) a composite number?
False
Suppose 0*u + 4*u = 3*u. Suppose 5*b = 2*g + 2, -5 + u = 5*g. Suppose b*y - 6899 = -5*y - 2*r, 5*y + 5*r - 6905 = 0. Is y a prime number?
False
Suppose s - 5 = -2*a, -5*a + 5*s = -0*a + 10. Suppose 0 = 7*y - 36 + a. Is 0 + -1941*y/(-15) prime?
True
Let j = 2466734 + -1383493. Is j prime?
True
Let n(i) = 7*i + 74. Let p be n(-10). Suppose -p*h = 3*k - 44297, 5*h = 14*k - 15*k + 14762. Is k composite?
False
Let k(m) = -20*m**2 + 8*m + 76. Let z(p) = -19*p**2 + 9*p + 75. Let c(g) = 6*k(g) - 7*z(g). Is c(26) a prime number?
True
Let d = 162718 + -42057. Is d composite?
False
Suppose 4*z - 16241 = -p, -52794 = -5*p + 3*z + 28457. Is p composite?
False
Suppose -5*c + 275 = 3*m, 5*c + 5*m = c + 233. Is ((-521045)/9)/(-5) + c/234 a prime number?
True
Let z(d) = 5*d**2 - 7*d**2 + 5*d - 1 + 18*d**2 + d**2. Suppose -4*f + p = -20, -2*p - 33 + 8 = -5*f. Is z(f) a composite number?
False
Suppose 5*b = -4 + 69. Is (2*38/12)/(b/3081) prime?
False
Let z = 350692 + -208619. Is z a composite number?
True
Let o(w) = -w**3 - 8*w**2 + 10*w + 9. Let a be o(-9). Let m(h) be the second derivative of h**4/12 - h**3/3 + 1151*h**2/2 + 5*h - 14. Is m(a) composite?
False
Let d = 20234 + -2577. Is d a composite number?
False
Let h = 15 + -5. Let w = 86 + h. Let i = w + 31. Is i composite?
False
Let q = 1608401 - 940984. Is q prime?
True
Let y(d) = -8*d + 32. Let h be y(6). Is ((-277908)/h)/((-54)/(-72)) prime?
True
Suppose 0 = -57*k + 55*k + 6, -31609 = -m + 4*k. Is m a composite number?
True
Let r = 22 - 19. Suppose 60 = d + 2*d + r*p, 2*p + 80 = 4*d. Is d*((-70)/(-8) + -1) a composite number?
True
Let k = 198239 + 651230. Is k composite?
True
Suppose 0 = -0*y + 7*y. Suppose 7*g - 5884 - 14850 = y. Suppose g = 10*p - 2298. Is p a prime number?
False
Suppose -124*y + 43868 = -126*y. Let h = y + 56429. Is h a composite number?
True
Let y = 1149500 - 745203. Is y a composite number?
True
Let s be (-4)/(-1) + (-27)/(-9). Suppose -s*d = 3*d - 140. Suppose 2090 + 500 = d*g. Is g prime?
False
Let f be (8/((-24)/(-9)))/((-9)/2046). Let u = 105 - f. Is u composite?
False
Let j be 2/3 - 158/(-6). Let f be (34/(-51))/(6/(-220905)). Suppose f = -j*s + 32*s. Is s composite?
False
Let v(i) = -i**3 - 6*i**2 - 4*i - 1. Suppose -8*y = -20 + 60. Let f be v(y). Is ((-284)/f)/((-4)/(-6)) composite?
False
Suppose -7*u - 23724 + 369079 = -203172. Is u composite?
True
Let p(a) = 40*a**2 - 30. Let y be p(-9). Suppose 4*d = -d + y. Let c = d + -260. Is c prime?
False
Suppose 4*t = 5*g - 0 + 13, 3*g - 4*t + 11 = 0. Let j(b) be the third derivative of -199*b**4/12 - b**3/2 + 38*b**2 - 12. Is j(g) a composite number?
True
Let m = -55358 - -320707. Is m a prime number?
False
Let i(n) = 1158*n**3 + 3*n**2 - n. Let g be (-2)/(22/(-8) - 21/(-28)). Let k be i(g). Let v = k - 273. Is v a composite number?
False
Let o(f) = 7 - 284*f + 187*f - 374*f - 122*f. Is o(-2) prime?
True
Let a(z) = 10*z - 140*z**2 + 0 - 28*z**2 + 0. Let f be a(-8). Is (f/(-24))/(4/6) a composite number?
False
Let z(f) = f**2 + 6*f - 19. Let h be z(-8). Is h + 162*15 + 6 a prime number?
False
Is (-2245926957)/(-20565) + (1/2 - 19/30) a prime number?
True
Suppose 0 = 8*o + 5*o - 30095. Suppose -4*j + 2253 = -o. Is j a composite number?
True
Let w(b) = 73*b**3 - 4*b + 8. Is w(13) a prime number?
False
Let w be 1*5/(-10) - 15/(-2). Let y be ((-1486)/(-8))/(w/56). Suppose x - y = -x. Is x composite?
False
Suppose 0 = -2*h + 6, 4*h + 96 = -u + 4*u. Suppose 3*o - 24 = -u. Is (-885)/5*o/4 composite?
True
Let p(a) = -a**3 - 19*a**2 - 9*a + 181. Let f be p(-18). Let v(j) = 13*j**3 - 2*j**2 - 2*j - 1. Let x be v(-1). Is x/(-8)*(63 - f) prime?
False
Suppose 57*t - 22*t = 16*t + 8048343. Is t a prime number?
False
Suppose 19*t - 36*t + 150467 = 0. Is t composite?
True
Suppose 13*v - 497 = 127. Suppose -v*a = -50*a. Suppose -3*r + 2506 = 5*d, -4*d + a*d - 858 = -r. Is r composite?
True
Let y(c) = -8*c - 14. Let k be y(7). Let j = 74 + k. Suppose -j*x = 2*z - 3*x - 3019, z = -3*x + 1522. Is 